p + 2*r = 217. Let o = p + -135. What is the greatest common factor of 6 and o?
6
Let z(d) = -10*d - 12. Suppose -w = 4*w - 15. Let s(u) = u. Let a(n) = w*s(n) + z(n). Let t be a(-12). What is the highest common factor of 48 and t?
24
Let w = -1060 + 1432. Calculate the greatest common factor of 93 and w.
93
Suppose -4*r - r + 170 = 0. Calculate the highest common divisor of r and 17.
17
Suppose -2*q = -8 + 2. Calculate the highest common divisor of q and 11.
1
Let c(k) = -k**2 + 17*k - 11. Let d be -2 + (-39)/(-3) - -4. Let j be c(d). Calculate the highest common factor of j and 76.
19
Let c be 12/3 + -3 - -19. Let f(t) = t**3 - t + 30. Suppose -3*w + 10 = 5*h, -5*h + 3*h + 4 = 4*w. Let y be f(w). What is the highest common divisor of y and c?
10
Let w(j) = 2*j + 7. Let p be w(-1). Calculate the highest common divisor of p and 20.
5
Let a = 1716 - 1598. What is the greatest common divisor of a and 826?
118
Let w(f) = 16*f - 23. Let i be w(7). Let z = -86 + i. What is the greatest common factor of 2 and z?
1
Let q(w) = -6*w**3 - w**2 - 3*w - 32. Let n be q(-5). Calculate the greatest common factor of 12 and n.
12
Suppose 3*p + p = -5*c + 48, -3*c + 48 = -4*p. What is the greatest common divisor of 9 and c?
3
Suppose -3*z + 8177 = 5*u, 0 = 2*u + 5*z + 1850 - 5136. Calculate the highest common factor of 23 and u.
23
Let a be -5 + -2 + 713 + -10. Calculate the greatest common divisor of a and 24.
24
Suppose -16*p + 60 = -17*p. Let t be (-68)/(-6) + 4 + p/18. What is the highest common factor of t and 24?
12
Let m be (8 - 2) + 2 + -3. Suppose -28 = -m*v + 2. Suppose w = -32*b + 29*b + 157, -b + 3*w = -69. Calculate the greatest common factor of v and b.
6
Suppose -4*n = d - 218, -2*n + 112 = d + 4. What is the greatest common factor of n and 242?
11
Suppose 291*u - 792 = 280*u. Calculate the highest common factor of u and 168.
24
Suppose 0 = -17*x + 7275 + 392. What is the greatest common divisor of x and 99?
11
Let o = -11 + -5. Let k be 1484/10 - o/(-40). Calculate the highest common divisor of k and 37.
37
Suppose 5*x = -f + 1354, -6*x + 2*x - 2*f + 1088 = 0. Suppose -i - x = -7*i. Let u be 9/((-1 + 0)/(-1)). Calculate the highest common divisor of u and i.
9
Let k = 157 + 336. Calculate the greatest common factor of 17 and k.
17
Let n(s) = s**3 - s**2 + s - 14. Let g be n(3). What is the highest common divisor of g and 133?
7
Suppose 0 = -24*t + 11*t + 9152. Calculate the greatest common divisor of 44 and t.
44
Let j = -2008 + 2019. What is the highest common divisor of j and 352?
11
Suppose -g = -3*x - 2*g + 174, -3*g = -x + 68. Calculate the greatest common factor of x and 1.
1
Suppose 0 = -2*s + 2*h + 50, -6*h + 9*h - 165 = -5*s. What is the highest common divisor of s and 30?
30
Suppose -3*r = -m + 9 + 6, -34 = -2*m + 5*r. What is the greatest common divisor of 702 and m?
27
Suppose 0 = -2*g + 3*y + 159, -4*y + 36 = 3*g - 177. What is the greatest common divisor of g and 200?
25
Suppose 0 = 2*d - 97 - 77. Suppose d = -5*c + 227. What is the highest common factor of 56 and c?
28
Let a(v) = 0*v - 5 - 3*v + 5*v - v. Let s be a(7). Suppose -s*n - 6 = -24. What is the highest common divisor of n and 6?
3
Suppose 0 = 4*n + 5*o - 60, 0 = -3*o + 4*o - 4. Let v be (-1224)/(-45) - 1*2/n. Calculate the greatest common factor of 216 and v.
27
Suppose -4*a - 653 = -t - 153, 0 = -5*t + 3*a + 2500. Suppose 0 = 35*j - 39*j + t. Let w be (-300)/(-16)*16/6. What is the greatest common divisor of w and j?
25
Let b be (-6)/3*153/(-6). Let h be 6 + 1 + 0 + (-18 - -14). Calculate the greatest common divisor of b and h.
3
Let z(o) = 32*o - 78. Let a be z(7). Calculate the greatest common divisor of 2 and a.
2
Suppose -z + 244 - 123 = 0. Let p = 142 - z. What is the highest common divisor of p and 3?
3
Suppose -u - u = -3*l - 211, 5*l = 3*u - 319. Let v = u + -67. Suppose -3*f - c + v = 0, 0 = -2*c + c + 1. Calculate the highest common factor of f and 40.
10
Let i = -41 + 53. Suppose 30 = 3*s + i. Calculate the highest common factor of 60 and s.
6
Let v be (4/18)/((-6)/(-54)). Let y(b) = 33*b + 4. Let z be y(v). What is the greatest common divisor of 10 and z?
10
Let k be (-75)/(-6) + 3/(-6). Suppose -2*p - k = 2*p. Let x be 84*(-1)/6*p. What is the highest common divisor of x and 14?
14
Let d = 1788 + -1644. What is the highest common divisor of 936 and d?
72
Let s = 166 + 131. Suppose -7*c = -5*c - 54. Calculate the greatest common factor of c and s.
27
Suppose 5*l - 3*c = 89, -3*c = 5*l - 5*c - 86. Calculate the highest common divisor of l and 56.
8
Suppose 0 = -239*n + 248*n - 2196. Calculate the highest common divisor of n and 61.
61
Suppose -6*r = -5*c - 3323, 2212 = 8*r - 4*r - 4*c. Calculate the greatest common factor of r and 144.
18
Let v be 32/(-12)*((-27)/2)/1. Let b = v + -18. What is the greatest common factor of b and 45?
9
Let f = 1208 + -533. What is the highest common divisor of 50 and f?
25
Suppose -4*i + i = -6. Let n be (10/30)/((-1)/(-30)). Let g = i + n. Calculate the greatest common divisor of g and 24.
12
Let w = 113 + -77. Calculate the highest common divisor of w and 828.
36
Suppose 3*c - 85 = -q, 3*c - 21*q - 100 = -19*q. Calculate the greatest common divisor of c and 285.
15
Suppose -8*p - 4*b = -200, -132*b + 128*b - 40 = -2*p. Suppose -3*n = -0*n - 18. Calculate the greatest common factor of p and n.
6
Suppose 26*z - 13*z = 351. Calculate the greatest common divisor of 1269 and z.
27
Let z be (-26)/(-2) + (-3 - 0). Suppose i + 3*v = z, i - 4*v = -i. Let u be 316/i - (-3)/3. What is the greatest common divisor of u and 8?
8
Let y = 19 + 229. Calculate the highest common divisor of 93 and y.
31
Let s be ((-24)/2)/(319/33 + -11). Calculate the greatest common factor of s and 117.
9
Let a(i) = 2*i**3 - i**2 - 7*i - 4. Let z be a(-4). Let w = 282 + -78. Let p = z + w. What is the greatest common factor of p and 12?
12
Let y(x) = 2*x**2 - 3*x + 1. Let g be y(-13). Suppose 3*n - 12*n = -g. What is the greatest common divisor of n and 14?
14
Let h(f) = 20*f - 131. Let j be h(16). What is the greatest common factor of j and 7?
7
Let w = 722 + -682. Calculate the greatest common factor of 260 and w.
20
Let z(a) be the first derivative of -2*a**3/3 + a**2 - 7*a - 5. Let n be z(-6). Let b be (-2)/(-8) + n/(-4). Calculate the highest common divisor of b and 23.
23
Let g = -300 + 311. Calculate the highest common divisor of g and 121.
11
Let n be 2*28/(3 + -1). Suppose -m = -5*m + n. What is the greatest common factor of m and 7?
7
Let n be ((-6)/1)/((-22)/33). Suppose 0 = -4*s + n*s - 120. Calculate the highest common factor of s and 48.
24
Let n = -148 + 221. Let u = n + -70. Calculate the greatest common factor of 63 and u.
3
Suppose 2*j = 4*j + 6. Let c be (-51)/(-9) - 1/j*1. Calculate the highest common factor of 4 and c.
2
Suppose -2*j + 3*p - 2*p + 61 = 0, 4*p = j - 34. What is the highest common factor of 18 and j?
6
Let t(b) = -22*b**3 - b + 2*b + 5*b**3. Suppose -2*u = 8 - 6. Let g be t(u). Calculate the greatest common factor of 112 and g.
16
Let n(t) = -t**2 + 9*t + 34. Let i be n(11). What is the greatest common factor of i and 57?
3
Let p = -6 + 10. Suppose -p*z = -423 + 27. Suppose 0 = 2*n - 3*h - 24, -4*h = n + 66 - 67. What is the greatest common factor of z and n?
9
Let i = 161 - -159. Let s be (i/48)/(1/18). Let k be (-6)/5*s/(-18). What is the greatest common divisor of k and 32?
8
Let c = 218 + -166. Calculate the highest common factor of 4 and c.
4
Suppose 2*p + 5*y - y - 10 = 0, 0 = 4*p + 3*y - 10. Let q(j) = -2*j**2 - 26*j + 39. Let o be q(-14). What is the greatest common factor of o and p?
1
Suppose 0 = -4*w + 2*r - 150, 4*w + 101 = 4*r - 43. Let n be (26/w)/(1/18*-2). Calculate the highest common divisor of n and 12.
6
Suppose 0*m + 3*a = 2*m - 251, 381 = 3*m - 3*a. Suppose -2*l = -234 - m. Let q be (0 - (-3 + -26)) + -3. What is the greatest common factor of l and q?
26
Let v = 192 - 164. Calculate the highest common divisor of v and 224.
28
Suppose -3*t = 4*k - 8, t + 5*k = -3 - 9. Let x = t + -1. Let r be 4/(-22) - 6/(264/(-316)). Calculate the highest common factor of r and x.
7
Let j = 529 + -469. What is the greatest common divisor of j and 165?
15
Let a be (-4)/(-3)*2091/68. What is the highest common factor